{"id":69,"date":"2012-07-22T14:10:44","date_gmt":"2012-07-22T12:10:44","guid":{"rendered":"http:\/\/nailsduyen.ch\/naildesign\/?page_id=69"},"modified":"2024-10-28T17:03:09","modified_gmt":"2024-10-28T15:03:09","slug":"news","status":"publish","type":"page","link":"http:\/\/nailsduyen.ch\/naildesign\/?page_id=69","title":{"rendered":"News"},"content":{"rendered":"<p><strong><br \/>\nNeuigkeiten<\/strong><\/p>\n<p>Wie w\u00e4re es mit einem sch\u00f6nen Permanent Make-up oder einer Wimpernverl\u00e4ngerung?<\/p>\n<p>Ich berate Sie gerne, vereinbaren Sie einen Termin mit mir oder kommen Sie doch einfach vorbei.<\/p>\n<p><img loading=\"lazy\" decoding=\"async\" src=\"http:\/\/nailsduyen.ch\/naildesign\/wp-content\/uploads\/image.jpg\" class=\"size-full wp-image-921\" width=\"3264\" height=\"3264\" srcset=\"http:\/\/nailsduyen.ch\/naildesign\/wp-content\/uploads\/image.jpg 3264w, http:\/\/nailsduyen.ch\/naildesign\/wp-content\/uploads\/image-150x150.jpg 150w, http:\/\/nailsduyen.ch\/naildesign\/wp-content\/uploads\/image-300x300.jpg 300w, http:\/\/nailsduyen.ch\/naildesign\/wp-content\/uploads\/image-768x768.jpg 768w, http:\/\/nailsduyen.ch\/naildesign\/wp-content\/uploads\/image-1024x1024.jpg 1024w\" sizes=\"auto, (max-width: 3264px) 100vw, 3264px\" \/><\/p>\n<p><a href=\"http:\/\/nailsduyen.ch\/naildesign\/?attachment_id=779\" rel=\"attachment wp-att-779\"><img loading=\"lazy\" decoding=\"async\" src=\"http:\/\/nailsduyen.ch\/naildesign\/wp-content\/uploads\/IMG_0371.jpg\" class=\"alignnone wp-image-779\" alt=\"\" width=\"150\" height=\"150\" srcset=\"http:\/\/nailsduyen.ch\/naildesign\/wp-content\/uploads\/IMG_0371.jpg 2048w, http:\/\/nailsduyen.ch\/naildesign\/wp-content\/uploads\/IMG_0371-150x150.jpg 150w, http:\/\/nailsduyen.ch\/naildesign\/wp-content\/uploads\/IMG_0371-300x300.jpg 300w, http:\/\/nailsduyen.ch\/naildesign\/wp-content\/uploads\/IMG_0371-768x768.jpg 768w, http:\/\/nailsduyen.ch\/naildesign\/wp-content\/uploads\/IMG_0371-1024x1024.jpg 1024w\" sizes=\"auto, (max-width: 150px) 100vw, 150px\" \/><\/a><\/p>\n<p><strong><a href=\"http:\/\/nailsduyen.ch\/naildesign\/?attachment_id=776\" rel=\"attachment wp-att-776\"><img loading=\"lazy\" decoding=\"async\" src=\"http:\/\/nailsduyen.ch\/naildesign\/wp-content\/uploads\/IMG_0375.jpg\" class=\"alignright size-full wp-image-776\" alt=\"\" width=\"2048\" height=\"2048\" srcset=\"http:\/\/nailsduyen.ch\/naildesign\/wp-content\/uploads\/IMG_0375.jpg 2048w, http:\/\/nailsduyen.ch\/naildesign\/wp-content\/uploads\/IMG_0375-150x150.jpg 150w, http:\/\/nailsduyen.ch\/naildesign\/wp-content\/uploads\/IMG_0375-300x300.jpg 300w, http:\/\/nailsduyen.ch\/naildesign\/wp-content\/uploads\/IMG_0375-768x768.jpg 768w, http:\/\/nailsduyen.ch\/naildesign\/wp-content\/uploads\/IMG_0375-1024x1024.jpg 1024w\" sizes=\"auto, (max-width: 2048px) 100vw, 2048px\" \/><\/a><\/strong><\/p>\n<p>Bitte beachten Sie f\u00fcr unser <strong>Studio in Bad Ragaz<\/strong> die folgenden <strong>neuen \u00d6ffnungszeiten,<\/strong> die ab sofort gelten:<\/p>\n<p style=\"padding-left: 30px\"><strong>Studio 2: Nails Duyen in Bad Ragaz:<br \/>\n<\/strong><br \/>\n<strong> Mo\/Di\/Fr: 09:00 &#8211; 11:30 \/ 13:30 &#8211; 18:00<\/strong><br \/>\n<strong>Mi\/Do:&nbsp; 09:00 &#8211; 11:30<br \/>\nSa: 10:00 &#8211; 16:00<\/strong><br \/>\n<strong> nur nach telefonischer Vereinbarung<\/strong><\/p>\n<p>Wir freuen uns auf Ihren Besuch.<\/p>\n<p><strong>Wimperverl\u00e4ngerungen:<\/strong><\/p>\n<p><a href=\"http:\/\/nailsduyen.ch\/naildesign\/?attachment_id=757\" rel=\"attachment wp-att-757\"><img loading=\"lazy\" decoding=\"async\" src=\"http:\/\/nailsduyen.ch\/naildesign\/wp-content\/uploads\/IMG_0359-150x150.jpg\" class=\"alignnone size-thumbnail wp-image-757\" width=\"150\" height=\"150\" alt=\"\" srcset=\"http:\/\/nailsduyen.ch\/naildesign\/wp-content\/uploads\/IMG_0359-150x150.jpg 150w, http:\/\/nailsduyen.ch\/naildesign\/wp-content\/uploads\/IMG_0359-300x300.jpg 300w, http:\/\/nailsduyen.ch\/naildesign\/wp-content\/uploads\/IMG_0359-768x768.jpg 768w, http:\/\/nailsduyen.ch\/naildesign\/wp-content\/uploads\/IMG_0359-1024x1024.jpg 1024w, http:\/\/nailsduyen.ch\/naildesign\/wp-content\/uploads\/IMG_0359.jpg 2048w\" sizes=\"auto, (max-width: 150px) 100vw, 150px\" \/><\/a><\/p>\n<p><strong>Augenbrauen mit Microblading und Permanent Make up Lippenkonturen<\/strong><\/p>\n<p><a href=\"http:\/\/nailsduyen.ch\/naildesign\/?attachment_id=776\" rel=\"attachment wp-att-776\"><img loading=\"lazy\" decoding=\"async\" src=\"http:\/\/nailsduyen.ch\/naildesign\/wp-content\/uploads\/IMG_0375.jpg\" class=\"alignnone wp-image-776\" alt=\"\" width=\"143\" height=\"143\" srcset=\"http:\/\/nailsduyen.ch\/naildesign\/wp-content\/uploads\/IMG_0375.jpg 2048w, http:\/\/nailsduyen.ch\/naildesign\/wp-content\/uploads\/IMG_0375-150x150.jpg 150w, http:\/\/nailsduyen.ch\/naildesign\/wp-content\/uploads\/IMG_0375-300x300.jpg 300w, http:\/\/nailsduyen.ch\/naildesign\/wp-content\/uploads\/IMG_0375-768x768.jpg 768w, http:\/\/nailsduyen.ch\/naildesign\/wp-content\/uploads\/IMG_0375-1024x1024.jpg 1024w\" sizes=\"auto, (max-width: 143px) 100vw, 143px\" \/><\/a> <a href=\"http:\/\/nailsduyen.ch\/naildesign\/?attachment_id=774\" rel=\"attachment wp-att-774\"><img loading=\"lazy\" decoding=\"async\" src=\"http:\/\/nailsduyen.ch\/naildesign\/wp-content\/uploads\/IMG_0373.jpg\" class=\"alignnone wp-image-774\" alt=\"\" width=\"143\" height=\"143\" srcset=\"http:\/\/nailsduyen.ch\/naildesign\/wp-content\/uploads\/IMG_0373.jpg 2048w, http:\/\/nailsduyen.ch\/naildesign\/wp-content\/uploads\/IMG_0373-150x150.jpg 150w, http:\/\/nailsduyen.ch\/naildesign\/wp-content\/uploads\/IMG_0373-300x300.jpg 300w, http:\/\/nailsduyen.ch\/naildesign\/wp-content\/uploads\/IMG_0373-768x768.jpg 768w, http:\/\/nailsduyen.ch\/naildesign\/wp-content\/uploads\/IMG_0373-1024x1024.jpg 1024w\" sizes=\"auto, (max-width: 143px) 100vw, 143px\" \/><\/a> <a href=\"http:\/\/nailsduyen.ch\/naildesign\/?attachment_id=775\" rel=\"attachment wp-att-775\"><img loading=\"lazy\" decoding=\"async\" src=\"http:\/\/nailsduyen.ch\/naildesign\/wp-content\/uploads\/IMG_0374.jpg\" class=\"alignnone wp-image-775\" alt=\"\" width=\"141\" height=\"141\" srcset=\"http:\/\/nailsduyen.ch\/naildesign\/wp-content\/uploads\/IMG_0374.jpg 2048w, http:\/\/nailsduyen.ch\/naildesign\/wp-content\/uploads\/IMG_0374-150x150.jpg 150w, http:\/\/nailsduyen.ch\/naildesign\/wp-content\/uploads\/IMG_0374-300x300.jpg 300w, http:\/\/nailsduyen.ch\/naildesign\/wp-content\/uploads\/IMG_0374-768x768.jpg 768w, http:\/\/nailsduyen.ch\/naildesign\/wp-content\/uploads\/IMG_0374-1024x1024.jpg 1024w\" sizes=\"auto, (max-width: 141px) 100vw, 141px\" \/><\/a><\/p>\n<p>Im Weiteren bieten wir f\u00fcr die Frau neben Waxing auch <strong>Sugaring<\/strong> <strong>Cane<\/strong> an. Sugaring Cane als Enthaarungsmethode liegt im Trend. Diese altorientalische, nat\u00fcrliche Methode mit der nat\u00fcrlichen Zuckerpaste begeistert immer mehr Kunden.<br \/>\nKommen Sie doch mal bei uns vorbei&nbsp; und lassen Sie sich bei uns beraten.<\/p>\n<p style=\"text-align: left\">Verbinden Sie doch mal einen SPA Wellness Aufenthalt in der <a style=\"color: #0000ff\" href=\"http:\/\/www.taminatherme.ch\/\">Tamina Therme<\/a><a href=\"http:\/\/www.taminatherme.ch\/\">&nbsp;<\/a> in Bad Ragaz mit einem Termin in unserem neuen Lokal in Bad Ragaz f\u00fcr eine sch\u00f6ne Manicure, P\u00e9dicure, ein neues Setup Geln\u00e4gel oder zum Auff\u00fcllen Ihrer Geln\u00e4gel.<\/p>\n<p><strong>Falls Sie noch ein ein passendes Geschenk als Mitbringsel suchen:<br \/>\n<\/strong><\/p>\n<p>Schauen Sie doch einfach einmal bei uns vorbei &#8211; sicherlich haben wir etwas Passendes &#8211; sei es eine gute Handcr\u00e8me, Nagel\u00f6le, Vitamine f\u00fcr die N\u00e4gel, nat\u00fcrlich auch sch\u00f6ne Nagellacke oder gute Feilen.<br \/>\nSelbstverst\u00e4ndlich k\u00f6nnen Sie auch Gutscheine als Geschenk bei uns kaufen.<\/p>\n<p>Wie w\u00e4re es mit einer Manicure und sch\u00f6nen Gel-N\u00e4geln? Ein paar Vorschl\u00e4ge f\u00fcr Deine sch\u00f6nen N\u00e4gel:<\/p>\n<p><a href=\"http:\/\/nailsduyen.ch\/naildesign\/?attachment_id=778\" rel=\"attachment wp-att-778\"><img loading=\"lazy\" decoding=\"async\" src=\"http:\/\/nailsduyen.ch\/naildesign\/wp-content\/uploads\/IMG_0377.jpg\" class=\"alignright wp-image-778\" alt=\"\" width=\"203\" height=\"203\" srcset=\"http:\/\/nailsduyen.ch\/naildesign\/wp-content\/uploads\/IMG_0377.jpg 2048w, http:\/\/nailsduyen.ch\/naildesign\/wp-content\/uploads\/IMG_0377-150x150.jpg 150w, http:\/\/nailsduyen.ch\/naildesign\/wp-content\/uploads\/IMG_0377-300x300.jpg 300w, http:\/\/nailsduyen.ch\/naildesign\/wp-content\/uploads\/IMG_0377-768x768.jpg 768w, http:\/\/nailsduyen.ch\/naildesign\/wp-content\/uploads\/IMG_0377-1024x1024.jpg 1024w\" sizes=\"auto, (max-width: 203px) 100vw, 203px\" \/><\/a>Gerne beraten wir Sie und finden sicherlich die passende Farbe f\u00fcr Sie mit sch\u00f6nen Verzierungen und auch der passendsten Form f\u00fcr Ihre N\u00e4gel.<\/p>\n<p>Oder nicht zu vergessen &#8211; den Striplac von Alessandro, welcher sich auch wieder ganz einfach entfernen l\u00e4sst. Dieser h\u00e4lt nat\u00fcrlich nicht ganz solange wie Gel, aber ist eine sehr gute Alternative zu Geln\u00e4geln oder zum normalen Nagellack, insbesondere auch f\u00fcr die Fussn\u00e4gel.&nbsp; <a href=\"http:\/\/nailsduyen.ch\/naildesign\/?attachment_id=780\" rel=\"attachment wp-att-780\"><img loading=\"lazy\" decoding=\"async\" src=\"http:\/\/nailsduyen.ch\/naildesign\/wp-content\/uploads\/IMG_0379.jpg\" class=\"alignleft wp-image-780\" alt=\"\" width=\"213\" height=\"213\" srcset=\"http:\/\/nailsduyen.ch\/naildesign\/wp-content\/uploads\/IMG_0379.jpg 2048w, http:\/\/nailsduyen.ch\/naildesign\/wp-content\/uploads\/IMG_0379-150x150.jpg 150w, http:\/\/nailsduyen.ch\/naildesign\/wp-content\/uploads\/IMG_0379-300x300.jpg 300w, http:\/\/nailsduyen.ch\/naildesign\/wp-content\/uploads\/IMG_0379-768x768.jpg 768w, http:\/\/nailsduyen.ch\/naildesign\/wp-content\/uploads\/IMG_0379-1024x1024.jpg 1024w\" sizes=\"auto, (max-width: 213px) 100vw, 213px\" \/><\/a><\/p>\n<p>Probieren Sie&#8217;s doch einfach mal aus. Wir freuen uns schon auf Ihren Besuch sei es im Studio in Bad Ragaz oder in Uster \ud83d\ude42<\/p>\n","protected":false},"excerpt":{"rendered":"<p>Neuigkeiten Wie w\u00e4re es mit einem sch\u00f6nen Permanent Make-up oder einer Wimpernverl\u00e4ngerung? Ich berate Sie gerne, vereinbaren Sie einen Termin mit mir oder kommen Sie doch einfach vorbei. Bitte beachten Sie f\u00fcr unser Studio in Bad Ragaz die folgenden neuen &hellip; <a href=\"http:\/\/nailsduyen.ch\/naildesign\/?page_id=69\">Weiterlesen <span class=\"meta-nav\">&rarr;<\/span><\/a><\/p>\n","protected":false},"author":2,"featured_media":0,"parent":0,"menu_order":3,"comment_status":"closed","ping_status":"closed","template":"","meta":{"footnotes":""},"class_list":["post-69","page","type-page","status-publish","hentry"],"_links":{"self":[{"href":"http:\/\/nailsduyen.ch\/naildesign\/index.php?rest_route=\/wp\/v2\/pages\/69","targetHints":{"allow":["GET"]}}],"collection":[{"href":"http:\/\/nailsduyen.ch\/naildesign\/index.php?rest_route=\/wp\/v2\/pages"}],"about":[{"href":"http:\/\/nailsduyen.ch\/naildesign\/index.php?rest_route=\/wp\/v2\/types\/page"}],"author":[{"embeddable":true,"href":"http:\/\/nailsduyen.ch\/naildesign\/index.php?rest_route=\/wp\/v2\/users\/2"}],"replies":[{"embeddable":true,"href":"http:\/\/nailsduyen.ch\/naildesign\/index.php?rest_route=%2Fwp%2Fv2%2Fcomments&post=69"}],"version-history":[{"count":248,"href":"http:\/\/nailsduyen.ch\/naildesign\/index.php?rest_route=\/wp\/v2\/pages\/69\/revisions"}],"predecessor-version":[{"id":958,"href":"http:\/\/nailsduyen.ch\/naildesign\/index.php?rest_route=\/wp\/v2\/pages\/69\/revisions\/958"}],"wp:attachment":[{"href":"http:\/\/nailsduyen.ch\/naildesign\/index.php?rest_route=%2Fwp%2Fv2%2Fmedia&parent=69"}],"curies":[{"name":"wp","href":"https:\/\/api.w.org\/{rel}","templated":true}]}}

<p><strong><br />
Neuigkeiten</strong></p>
<p>Wie wäre es mit einem schönen Permanent Make-up oder einer Wimpernverlängerung?</p>
<p>Ich berate Sie gerne, vereinbaren Sie einen Termin mit mir oder kommen Sie doch einfach vorbei.</p>
<p><img loading="lazy" decoding="async" src="http://nailsduyen.ch/naildesign/wp-content/uploads/image.jpg" class="size-full wp-image-921" width="3264" height="3264" srcset="http://nailsduyen.ch/naildesign/wp-content/uploads/image.jpg 3264w, http://nailsduyen.ch/naildesign/wp-content/uploads/image-150x150.jpg 150w, http://nailsduyen.ch/naildesign/wp-content/uploads/image-300x300.jpg 300w, http://nailsduyen.ch/naildesign/wp-content/uploads/image-768x768.jpg 768w, http://nailsduyen.ch/naildesign/wp-content/uploads/image-1024x1024.jpg 1024w" sizes="auto, (max-width: 3264px) 100vw, 3264px" /></p>
<p><a href="http://nailsduyen.ch/naildesign/?attachment_id=779" rel="attachment wp-att-779"><img loading="lazy" decoding="async" src="http://nailsduyen.ch/naildesign/wp-content/uploads/IMG_0371.jpg" class="alignnone wp-image-779" alt="" width="150" height="150" srcset="http://nailsduyen.ch/naildesign/wp-content/uploads/IMG_0371.jpg 2048w, http://nailsduyen.ch/naildesign/wp-content/uploads/IMG_0371-150x150.jpg 150w, http://nailsduyen.ch/naildesign/wp-content/uploads/IMG_0371-300x300.jpg 300w, http://nailsduyen.ch/naildesign/wp-content/uploads/IMG_0371-768x768.jpg 768w, http://nailsduyen.ch/naildesign/wp-content/uploads/IMG_0371-1024x1024.jpg 1024w" sizes="auto, (max-width: 150px) 100vw, 150px" /></a></p>
<p><strong><a href="http://nailsduyen.ch/naildesign/?attachment_id=776" rel="attachment wp-att-776"><img loading="lazy" decoding="async" src="http://nailsduyen.ch/naildesign/wp-content/uploads/IMG_0375.jpg" class="alignright size-full wp-image-776" alt="" width="2048" height="2048" srcset="http://nailsduyen.ch/naildesign/wp-content/uploads/IMG_0375.jpg 2048w, http://nailsduyen.ch/naildesign/wp-content/uploads/IMG_0375-150x150.jpg 150w, http://nailsduyen.ch/naildesign/wp-content/uploads/IMG_0375-300x300.jpg 300w, http://nailsduyen.ch/naildesign/wp-content/uploads/IMG_0375-768x768.jpg 768w, http://nailsduyen.ch/naildesign/wp-content/uploads/IMG_0375-1024x1024.jpg 1024w" sizes="auto, (max-width: 2048px) 100vw, 2048px" /></a></strong></p>
<p>Bitte beachten Sie für unser <strong>Studio in Bad Ragaz</strong> die folgenden <strong>neuen Öffnungszeiten,</strong> die ab sofort gelten:</p>
<p style="padding-left: 30px"><strong>Studio 2: Nails Duyen in Bad Ragaz:<br />
</strong><br />
<strong> Mo/Di/Fr: 09:00 &#8211; 11:30 / 13:30 &#8211; 18:00</strong><br />
<strong>Mi/Do:&nbsp; 09:00 &#8211; 11:30<br />
Sa: 10:00 &#8211; 16:00</strong><br />
<strong> nur nach telefonischer Vereinbarung</strong></p>
<p>Wir freuen uns auf Ihren Besuch.</p>
<p><strong>Wimperverlängerungen:</strong></p>
<p><a href="http://nailsduyen.ch/naildesign/?attachment_id=757" rel="attachment wp-att-757"><img loading="lazy" decoding="async" src="http://nailsduyen.ch/naildesign/wp-content/uploads/IMG_0359-150x150.jpg" class="alignnone size-thumbnail wp-image-757" width="150" height="150" alt="" srcset="http://nailsduyen.ch/naildesign/wp-content/uploads/IMG_0359-150x150.jpg 150w, http://nailsduyen.ch/naildesign/wp-content/uploads/IMG_0359-300x300.jpg 300w, http://nailsduyen.ch/naildesign/wp-content/uploads/IMG_0359-768x768.jpg 768w, http://nailsduyen.ch/naildesign/wp-content/uploads/IMG_0359-1024x1024.jpg 1024w, http://nailsduyen.ch/naildesign/wp-content/uploads/IMG_0359.jpg 2048w" sizes="auto, (max-width: 150px) 100vw, 150px" /></a></p>
<p><strong>Augenbrauen mit Microblading und Permanent Make up Lippenkonturen</strong></p>
<p><a href="http://nailsduyen.ch/naildesign/?attachment_id=776" rel="attachment wp-att-776"><img loading="lazy" decoding="async" src="http://nailsduyen.ch/naildesign/wp-content/uploads/IMG_0375.jpg" class="alignnone wp-image-776" alt="" width="143" height="143" srcset="http://nailsduyen.ch/naildesign/wp-content/uploads/IMG_0375.jpg 2048w, http://nailsduyen.ch/naildesign/wp-content/uploads/IMG_0375-150x150.jpg 150w, http://nailsduyen.ch/naildesign/wp-content/uploads/IMG_0375-300x300.jpg 300w, http://nailsduyen.ch/naildesign/wp-content/uploads/IMG_0375-768x768.jpg 768w, http://nailsduyen.ch/naildesign/wp-content/uploads/IMG_0375-1024x1024.jpg 1024w" sizes="auto, (max-width: 143px) 100vw, 143px" /></a> <a href="http://nailsduyen.ch/naildesign/?attachment_id=774" rel="attachment wp-att-774"><img loading="lazy" decoding="async" src="http://nailsduyen.ch/naildesign/wp-content/uploads/IMG_0373.jpg" class="alignnone wp-image-774" alt="" width="143" height="143" srcset="http://nailsduyen.ch/naildesign/wp-content/uploads/IMG_0373.jpg 2048w, http://nailsduyen.ch/naildesign/wp-content/uploads/IMG_0373-150x150.jpg 150w, http://nailsduyen.ch/naildesign/wp-content/uploads/IMG_0373-300x300.jpg 300w, http://nailsduyen.ch/naildesign/wp-content/uploads/IMG_0373-768x768.jpg 768w, http://nailsduyen.ch/naildesign/wp-content/uploads/IMG_0373-1024x1024.jpg 1024w" sizes="auto, (max-width: 143px) 100vw, 143px" /></a> <a href="http://nailsduyen.ch/naildesign/?attachment_id=775" rel="attachment wp-att-775"><img loading="lazy" decoding="async" src="http://nailsduyen.ch/naildesign/wp-content/uploads/IMG_0374.jpg" class="alignnone wp-image-775" alt="" width="141" height="141" srcset="http://nailsduyen.ch/naildesign/wp-content/uploads/IMG_0374.jpg 2048w, http://nailsduyen.ch/naildesign/wp-content/uploads/IMG_0374-150x150.jpg 150w, http://nailsduyen.ch/naildesign/wp-content/uploads/IMG_0374-300x300.jpg 300w, http://nailsduyen.ch/naildesign/wp-content/uploads/IMG_0374-768x768.jpg 768w, http://nailsduyen.ch/naildesign/wp-content/uploads/IMG_0374-1024x1024.jpg 1024w" sizes="auto, (max-width: 141px) 100vw, 141px" /></a></p>
<p>Im Weiteren bieten wir für die Frau neben Waxing auch <strong>Sugaring</strong> <strong>Cane</strong> an. Sugaring Cane als Enthaarungsmethode liegt im Trend. Diese altorientalische, natürliche Methode mit der natürlichen Zuckerpaste begeistert immer mehr Kunden.<br />
Kommen Sie doch mal bei uns vorbei&nbsp; und lassen Sie sich bei uns beraten.</p>
<p style="text-align: left">Verbinden Sie doch mal einen SPA Wellness Aufenthalt in der <a style="color: #0000ff" href="http://www.taminatherme.ch/">Tamina Therme</a><a href="http://www.taminatherme.ch/">&nbsp;</a> in Bad Ragaz mit einem Termin in unserem neuen Lokal in Bad Ragaz für eine schöne Manicure, Pédicure, ein neues Setup Gelnägel oder zum Auffüllen Ihrer Gelnägel.</p>
<p><strong>Falls Sie noch ein ein passendes Geschenk als Mitbringsel suchen:<br />
</strong></p>
<p>Schauen Sie doch einfach einmal bei uns vorbei &#8211; sicherlich haben wir etwas Passendes &#8211; sei es eine gute Handcrème, Nagelöle, Vitamine für die Nägel, natürlich auch schöne Nagellacke oder gute Feilen.<br />
Selbstverständlich können Sie auch Gutscheine als Geschenk bei uns kaufen.</p>
<p>Wie wäre es mit einer Manicure und schönen Gel-Nägeln? Ein paar Vorschläge für Deine schönen Nägel:</p>
<p><a href="http://nailsduyen.ch/naildesign/?attachment_id=778" rel="attachment wp-att-778"><img loading="lazy" decoding="async" src="http://nailsduyen.ch/naildesign/wp-content/uploads/IMG_0377.jpg" class="alignright wp-image-778" alt="" width="203" height="203" srcset="http://nailsduyen.ch/naildesign/wp-content/uploads/IMG_0377.jpg 2048w, http://nailsduyen.ch/naildesign/wp-content/uploads/IMG_0377-150x150.jpg 150w, http://nailsduyen.ch/naildesign/wp-content/uploads/IMG_0377-300x300.jpg 300w, http://nailsduyen.ch/naildesign/wp-content/uploads/IMG_0377-768x768.jpg 768w, http://nailsduyen.ch/naildesign/wp-content/uploads/IMG_0377-1024x1024.jpg 1024w" sizes="auto, (max-width: 203px) 100vw, 203px" /></a>Gerne beraten wir Sie und finden sicherlich die passende Farbe für Sie mit schönen Verzierungen und auch der passendsten Form für Ihre Nägel.</p>
<p>Oder nicht zu vergessen &#8211; den Striplac von Alessandro, welcher sich auch wieder ganz einfach entfernen lässt. Dieser hält natürlich nicht ganz solange wie Gel, aber ist eine sehr gute Alternative zu Gelnägeln oder zum normalen Nagellack, insbesondere auch für die Fussnägel.&nbsp; <a href="http://nailsduyen.ch/naildesign/?attachment_id=780" rel="attachment wp-att-780"><img loading="lazy" decoding="async" src="http://nailsduyen.ch/naildesign/wp-content/uploads/IMG_0379.jpg" class="alignleft wp-image-780" alt="" width="213" height="213" srcset="http://nailsduyen.ch/naildesign/wp-content/uploads/IMG_0379.jpg 2048w, http://nailsduyen.ch/naildesign/wp-content/uploads/IMG_0379-150x150.jpg 150w, http://nailsduyen.ch/naildesign/wp-content/uploads/IMG_0379-300x300.jpg 300w, http://nailsduyen.ch/naildesign/wp-content/uploads/IMG_0379-768x768.jpg 768w, http://nailsduyen.ch/naildesign/wp-content/uploads/IMG_0379-1024x1024.jpg 1024w" sizes="auto, (max-width: 213px) 100vw, 213px" /></a></p>
<p>Probieren Sie&#8217;s doch einfach mal aus. Wir freuen uns schon auf Ihren Besuch sei es im Studio in Bad Ragaz oder in Uster 🙂</p>

<p>Neuigkeiten Wie wäre es mit einem schönen Permanent Make-up oder einer Wimpernverlängerung? Ich berate Sie gerne, vereinbaren Sie einen Termin mit mir oder kommen Sie doch einfach vorbei. Bitte beachten Sie für unser Studio in Bad Ragaz die folgenden neuen &hellip; <a href="http://nailsduyen.ch/naildesign/?page_id=69">Weiterlesen <span class="meta-nav">&rarr;</span></a></p>
